{"id":5738,"date":"2022-01-08T14:25:26","date_gmt":"2022-01-08T11:25:26","guid":{"rendered":"https:\/\/teksubaglanti.com.tr\/?page_id=5738"},"modified":"2022-01-08T14:25:26","modified_gmt":"2022-01-08T11:25:26","slug":"kalite-politikamiz","status":"publish","type":"page","link":"https:\/\/teksubaglanti.com.tr\/?page_id=5738","title":{"rendered":"KAL\u0130TE POL\u0130T\u0130KAMIZ"},"content":{"rendered":"","protected":false},"excerpt":{"rendered":"","protected":false},"author":1,"featured_media":0,"parent":0,"menu_order":0,"comment_status":"closed","ping_status":"closed","template":"","meta":{"footnotes":""},"class_list":["post-5738","page","type-page","status-publish","hentry"],"_links":{"self":[{"href":"https:\/\/teksubaglanti.com.tr\/index.php?rest_route=\/wp\/v2\/pages\/5738","targetHints":{"allow":["GET"]}}],"collection":[{"href":"https:\/\/teksubaglanti.com.tr\/index.php?rest_route=\/wp\/v2\/pages"}],"about":[{"href":"https:\/\/teksubaglanti.com.tr\/index.php?rest_route=\/wp\/v2\/types\/page"}],"author":[{"embeddable":true,"href":"https:\/\/teksubaglanti.com.tr\/index.php?rest_route=\/wp\/v2\/users\/1"}],"replies":[{"embeddable":true,"href":"https:\/\/teksubaglanti.com.tr\/index.php?rest_route=%2Fwp%2Fv2%2Fcomments&post=5738"}],"version-history":[{"count":1,"href":"https:\/\/teksubaglanti.com.tr\/index.php?rest_route=\/wp\/v2\/pages\/5738\/revisions"}],"predecessor-version":[{"id":5739,"href":"https:\/\/teksubaglanti.com.tr\/index.php?rest_route=\/wp\/v2\/pages\/5738\/revisions\/5739"}],"wp:attachment":[{"href":"https:\/\/teksubaglanti.com.tr\/index.php?rest_route=%2Fwp%2Fv2%2Fmedia&parent=5738"}],"curies":[{"name":"wp","href":"https:\/\/api.w.org\/{rel}","templated":true}]}}